t is (-8 + 6 - (-2 + -2)) + -3?
-1
Evaluate 28 + -16 + (16 - 19).
9
Evaluate 11 - (-15 - (-31 - 4)).
-9
What is -3 - (-3 + -5) - (-3 - (-10 - -3))?
1
Evaluate -19 - ((8 - 8) + -12).
-7
Evaluate 9 + (0 - (15 - 0)).
-6
What is -16 + (4 + -1 + 7 - 10)?
-16
What is (33 - (-15 - -52)) + -12?
-16
Calculate 14 + (-1 - -3) + -8 + -2.
6
Evaluate (-19 - -6) + 2 + 31 - 5.
15
What is 24 + -6 + -1 - 19 - -25?
23
Evaluate 2 + (-1 - (-2 - 5)) + 7 + -4.
11
What is 20 + (-19 - -12) + (-2 + 6 - 2)?
15
What is the value of (-1 - (-8 - (-24 - -8))) + -1 + -3?
-13
What is the value of 55 - 48 - (0 + -4 - -23 - -4)?
-16
Evaluate (1 - 2) + -4 + -33 + 32 + -4.
-10
Calculate (107 - 55) + -43 - (-20 + -2 + 2).
29
Calculate -4 + (-3 - (-34 + 41)).
-14
Evaluate -2 + 9 + 60 + (34 - 121).
-20
1 + (0 - -1) - (-13 - -30 - 9)
-6
Evaluate -5 + -13 + (-78 - -92).
-4
What is the value of 16 - (-33 + 51) - -18?
16
What is (-2 - 19 - -20) + (-10 - (1 + -2))?
-10
What is the value of 5 + 0 + 393 + -388 - 39?
-29
What is the value of 0 - (2 - (-6 + 11 - -3))?
6
What is -4 - (-6 - -2 - -2)?
-2
Evaluate (10 - 33) + 2 + 3 + -1 - -2.
-17
Evaluate (-1 - (-10 + (9 - 9))) + 5.
14
What is -3 + -1 - (10 + -10)?
-4
Calculate -32 + 13 + -10 + 33.
4
-1 + -5 - (-18 - -22) - -24
14
-8 + (-4 + 6 - 5) - (7 - 2)
-16
Evaluate (9 - -20) + -18 + 1 + -12.
0
What is the value of -4 + 28 + -20 - (-1 + 1)?
4
Calculate 1 - (13 - ((-6 - 7) + 15)).
-10
Calculate -1 + -4 - (-5 + 15 - 8).
-7
What is the value of 24 + (9 - (17 - -7))?
9
What is 6 + -2 + 1 + (3 - -3)?
11
Calculate -3 + 9 + -16 + 26 + -37 + 5.
-16
What is the value of 27 + -21 - 5 - (-15 - -2)?
14
Evaluate 15 - ((-2 - -14) + (-31 - -24)).
10
What is 1 + 2 - (-13 - (-10 - -4))?
10
What is 3 + 1 - (33 + (26 - 77))?
22
Evaluate -23 + (-7 + 52 - 24).
-2
Evaluate 38 + (-74 - -30 - -12).
6
Evaluate 20 + (15 + -20 - 7).
8
Calculate -5 - -1 - (-3 + -4 + 4 + 0).
-1
-6 + 3 - (30 - 39)
6
What is the value of (-137 - -159) + (6 - 0)?
28
What is the value of (-9 - 0) + (-23 - -24) + -3?
-11
Evaluate 23 + -16 + 0 + 3 + -1 + 4.
13
Calculate -5 + -19 + 18 + (-2 - (-3 + 1)).
-6
(-58 + 68 - (20 - 2)) + (-22 - 1)
-31
Evaluate (22 - 22) + (-7 - (14 - 44)).
23
2 + (2 - 0) + -362 + 367 + -43
-34
What is the value of -423 - -425 - (1 + -5)?
6
5 - (-8 + -4 + -22)
39
Calculate 44 + -71 - (-12 - 23).
8
Evaluate 9 - (-17 + 29 + -3 + -8 + 1).
7
What is the value of 2 + 7 + -5 - (-10 - (0 + -4))?
10
Evaluate -1 - -2 - (-14 - (-36 - -13)).
-8
What is 2 + (0 - (3 + -8 - -11)) + -4?
-8
Calculate (8 - 7) + 6 + (4 - (1 + 33)).
-23
What is -6 + (-18 - -16 - -13)?
5
What is -69 + 117 + -56 - (0 - -8)?
-16
Calculate -28 - (103 + -106 - (-8 - 3 - -1)).
-35
What is the value of -2 + 29 + -1 - 49?
-23
What is the value of (-4 - -6) + 2 + -6 + -1?
-3
What is (11 - 1) + (-27 - -12 - 4)?
-9
Evaluate (137 - 142) + (15 - -3).
13
Calculate -8 - (-7 - (-6 + 4 + 7)).
4
What is the value of -8 + (13 - 9 - (-5 + -1))?
2
1 + (10 - (13 - -2))
-4
What is 6 - 18 - 5 - (-35 - 15)?
33
What is 14 + (-6 - (25 - 11))?
-6
Evaluate 9 + 3 + -12 + -12 + 14 + 3.
5
Calculate -27 + (4 - (9 + -13)) + 7.
-12
What is the value of 26 + -17 + (-6 + 16 - 0)?
19
Calculate 27 + -18 - (2 + 6).
1
What is (0 - 15) + 1060 + -1022?
23
Evaluate 3 + -11 + -3 + 0.
-11
Evaluate 23 + (7 - (-14 + 36)).
8
Calculate -11 - (3 - (-3 + -6) - (-29 - -70)).
18
Evaluate 0 + -28 - (1519 + -1550).
3
Evaluate (19 - 1) + -3 + (7 - 11) + 0.
11
What is the value of 32 - (22 - -2 - 19)?
27
Evaluate 27 + -45 + (-12 - -45).
15
What is the value of -42 + 53 - 4 - (0 + 17 + -3)?
-7
Calculate -2 - ((-3 - (2 - 38)) + -7 - 8).
-20
Calculate (-14 - -12) + 0 + (10 - 3) + -14.
-9
What is -4 + -84 + 82 + (0 - 4)?
-10
Calculate -26 - -51 - (0 + 29).
-4
-1 + (8 - -4 - 18) + -3 + 36
26
What is (-9 - (-2 + 0)) + -3?
-10
Calculate 58 + -58 + ((-3 - 0) + 0 - 10).
-13
What is -11 + -3 + 4 + -10 + (12 - -48)?
40
What is 1 - (-14 + 5 - -23)?
-13
What is the value of 1 + 21 + (1271 - 1311)?
-18
Evaluate 19 - (-2 + 4 - (-19 + (1 - -12))).
11
Calculate 9 - ((40 - 43) + (-1 - (1 + 0))).
14
What is -4 - (0 - (10 - (-4 - -6)))?
4
Calculate (7 + 0 - (7 + -1 + -8)) + 10.
19
Evaluate -39 + 64 + -63 + 26.
-12
(3 - 1 - -3) + -3 - (6 - 2)
-2
-44 - (20 - 71) - (-1 - -3 - -17)
-12
(6 - -9) + (1 - (-11 + 6 - -10))
11
What is the value of -389 + 377 + -1 + 17?
4
Evaluate (10 - (-2 - -1)) + 0 + (-7 - 0).
4
Calculate -1 - (-4 - 1) - 9 - (5 + -6).
-4
Evaluate (-23 + 17 - 4) + 32.
22
What is 2 + -1 + (-50 - -40) + (-8 - 2)?
-19
Evaluate 2 - 5 - (-7 + (-6 - -6) - 2).
6
Evaluate (-11 - (1 + -2 + -8 - -3)) + -3.
-8
What is the value of -18 + (-6 + -11 + 21 - 3 - 1)?
-18
Evaluate -2 + -7 + -1 + 13 + 9.
12
What is the value of 5 + (-9 - (5 - 7)) + -7 - -6?
-3
Evaluate (-7 - -2) + (1 - 1) - (4 - -3).
-12
-12 - (-25 - 1 - -11)
3
What is 1 - (2 + 2 + -13)?
10
Evaluate 12 - (-29 - (-53 + 7)).
-5
What is 14 + (17 - 13 - 8)?
10
What is the value of (-3 - -17) + -8 + 4 + 2?
12
What is 26 - (-27 + -10 - -58)?
5
Evaluate 2 + 8 + 5 - 28.
-13
What is the value of (0 - 25 - -27) + 0 + 10?
12
What is 12 + 0 + -2 + 2 + 9?
21
-13 + ((-1 - 0) + 13 + -6 - 0)
-7
What is -24 + (-2 - 3 - (-8 + 7))?
-28
585 + -608 - (-1 - 33)
11
What is the value of 14 - (-21 + (17 - -17))?
1
What is the value of -16 - -6 - (-13 - -15) - -26?
14
What is the value of 6 + 40 + -40 + (-4 - -1) + 0?
3
Evaluate -33 + (9 - 3) - (6 + -11).
-22
Calculate -10 + -5 + 17 + (-5 - -5 - 14).
-12
Calculate -4 + -2 - (5 + 12 + -5).
-18
What is (3 - 1) + 78 + -74?
6
(9 - 19) + 9 - (4 + -11)
6
Evaluate 11 + (-17 - 14) + 12.
-8
-7 + (-22 - -11) + 35 + -9
8
What is the value of (-12 - (-2 - 2)) + -2 - (-9 - -1)?
-2
Evaluate (24 - (9 + 3)) + -5 + 3.
10
Calculate 27 - (20 - ((17 - 7) + -1)).
16
What is -2 + (-5 - (12 - 25))?
6
Evaluate -11 + (0 - -14 - (143 + -152)).
12
Calculate -28 + -1 - (-385 + 371).
-15
Calculate 6 + (11 + -16 - 10).
-9
(5 - -1 - -7) + -5 - -8
16
Calculate -51 - -39 - (-1 - 14) - 2.
1
What is the value of -40 + 47 + (2 + 14 + -1 - 5)?
17
Evaluate (-3 - 4 - -4) + -11 - -3.
-11
Evaluate (-1 - (-3 - -3)) + -8 + 14.
5
21 + -39 - 20 - -21
-17
(35 - 12 - 5) + -6
12
Calculate (22 + (-9 - 12) - 3) + (19 - -1).
18
What is the value of (9 - (17 - 2)) + 30 + 4 - 8?
20
What is -18 + (15 - 6) + -13 - -14?
-8
Evaluate (-1 - (-1 + -1 + 0 + 5)) + -5.
-9
Evaluate (-10 - (-2 + -11)) + 22 - 16.
9
What is -7 + (25 - (-3 - -20))?
1
Calculate 11 + -4 + (-30 - -21).
-2
What is the value of 19 + -6 - 8 - 18?
-13
-18 + 37 + (33 - 38)
14
What is (8 - 8 - 9) + 16 - 21?
-14
-4 + -6 + -1 + (51 - 8)
32
What is -8 + 0 + (29 + -22 - -28)?
27
Calculate (0 - 1 - 14) + -25 + 8 + 14.
-18
(30 - 7) + -7 + -1 + -6 + -1
8
7 - (0 + -1) - (1 + 2 + 11)
-6
Calculate -6 - ((-7 - (-45 + 31)) + -1 + -4).
-8
(-14 - (-19 - -10)) + -1
-6
Evaluate -28 + ((-18 - -6) + 20 - 2).
-22
What is the value of 7 - 19 - (33 - 39)?
-6
-824 - -828 - (1 - (2 + -2))
3
Evaluate -1 - (-8 + -7) - 9.
5
What is 9 - (-8 + 1) - (3 + -4)?
17
What is 14 - (-104 + 108 + (-1 - -5) - 15)?
21
Evaluate 9 + -40 + 12 - (1 + -4).
-16
Calculate 10 + (113 - 124 - (-7 + -3 - -3)).
6
Evaluate (-311 - -339) + -13 + 0.
15
Evaluate (-10 - -2) + (-10 - -17) - 0.
-1
What is the value of -6 + -7 + 26 + -25 - -13?
1
What is the value of (2 - (-5 + (-6 - (-20 + 4)))) + 0?
-3
What is the value of -6 + -2 + (-4 - -3 - (-5 - -7))?
-11
Calculate (-25 - 1) + (-4 - (6 - 21)).
-15
What is (-5 - 0) + 21 + (-28 - -7)?
-5
What is -2 - -6 - (4 - 0) - 13?
-13
(1 - 1) + 4 + -6 - (-2 - -3)
-3
29 - ((-2 - (10 + -14)) + 5)
22
Evaluate -110 + 103 + (0 - -13).
6
What is -1 + (15 - (1 + -5 + (0 - -8)))?
10
What is -37 + (76 - 11) - 3?
25
What is the value of (-1 - (-1 + 3)) + 90 + -87 - -13?
13
-6 - ((0 - -12) + 117 + -128)
-7
What is the value of -3 - (-21 - (-8 - 0))?
10
What is the value of 0 + 3 + -52 + 45 + -8 - 4?
-16
Evaluate (16 - (13 - -19 - -3)) + 7 + -1.
-13
Evaluate -2 + (-19 - -15) - -17.
11
Calculate 8 + -4 - ((-6 - -18) + -3).
-5
What is the value of 3 + (-2 - -5 - -3) - 6?
3
Evaluate -68 - (1 + -9 - 30).
-30
Evaluate (24 + 7 - 14 - -2) + 6.
25
What is the value of -17 + -1 + 22 - (0 - 2)?
6
What is -12 + 1 + (8 + -2 - 12 - -5)?
-12
What is -18 + 8 + -1 - (6 - 13 - 1)?
-3
What is 3 - (-53 - -22 - -15)?
19
Evaluate -14 